f 202820.
2, 5, 10141
List the prime factors of 488712.
2, 3, 7, 2909
What are the prime factors of 1268059?
13, 23, 4241
List the prime factors of 24702.
2, 3, 23, 179
What are the prime factors of 6134463?
3, 681607
What are the prime factors of 280103?
280103
List the prime factors of 73375.
5, 587
List the prime factors of 962880.
2, 3, 5, 17, 59
List the prime factors of 6771177.
3, 7, 23, 4673
What are the prime factors of 3041427?
3, 71, 109, 131
List the prime factors of 1300124.
2, 7, 59, 787
List the prime factors of 3149077.
3149077
What are the prime factors of 199823?
13, 19, 809
What are the prime factors of 4994815?
5, 7, 19, 29, 37
List the prime factors of 1419044.
2, 11, 32251
What are the prime factors of 219022?
2, 41, 2671
What are the prime factors of 79020?
2, 3, 5, 439
What are the prime factors of 2045453?
523, 3911
What are the prime factors of 2693596?
2, 673399
List the prime factors of 10849593.
3, 3616531
List the prime factors of 1970423.
7, 13, 59, 367
What are the prime factors of 239557?
239557
List the prime factors of 4698447.
3, 13, 120473
What are the prime factors of 2874141?
3, 41, 7789
What are the prime factors of 495950?
2, 5, 7, 13, 109
List the prime factors of 29818087.
13, 19, 120721
What are the prime factors of 19005094?
2, 9502547
List the prime factors of 1014767.
13, 78059
What are the prime factors of 267690?
2, 3, 5, 8923
List the prime factors of 15981773.
211, 75743
What are the prime factors of 16460293?
47, 350219
What are the prime factors of 427807?
43, 9949
List the prime factors of 21294757.
11, 23, 73, 1153
List the prime factors of 3850654.
2, 19, 101333
What are the prime factors of 4893587?
829, 5903
What are the prime factors of 1077314?
2, 7, 10993
What are the prime factors of 10795401?
3, 19, 63131
List the prime factors of 174126.
2, 3, 29021
What are the prime factors of 2181820?
2, 5, 43, 59
List the prime factors of 1654783.
13, 127291
List the prime factors of 1041510.
2, 3, 5, 149, 233
List the prime factors of 138751.
89, 1559
What are the prime factors of 1418821?
409, 3469
What are the prime factors of 680723?
41, 16603
List the prime factors of 1166553.
3, 227, 571
What are the prime factors of 358133?
23, 677
List the prime factors of 3226329.
3, 139, 2579
What are the prime factors of 166125?
3, 5, 443
List the prime factors of 4175921.
1493, 2797
List the prime factors of 297525.
3, 5, 3967
What are the prime factors of 468484?
2, 173, 677
What are the prime factors of 2183812?
2, 53, 10301
What are the prime factors of 8983959?
3, 79, 37907
List the prime factors of 6603618.
2, 3, 7, 157229
What are the prime factors of 912369?
3, 29, 10487
What are the prime factors of 11606887?
2351, 4937
List the prime factors of 16323178.
2, 8161589
List the prime factors of 18749819.
11, 1704529
What are the prime factors of 374735?
5, 149, 503
What are the prime factors of 2797618?
2, 983, 1423
List the prime factors of 15695476.
2, 23, 170603
List the prime factors of 7657310.
2, 5, 17, 31, 1453
List the prime factors of 3343511.
3343511
What are the prime factors of 684862?
2, 17, 20143
List the prime factors of 2589583.
71, 36473
List the prime factors of 249562.
2, 124781
What are the prime factors of 8148590?
2, 5, 814859
What are the prime factors of 472481?
17, 27793
List the prime factors of 41131585.
5, 11, 17, 43991
What are the prime factors of 7067341?
7067341
List the prime factors of 208194.
2, 3, 7, 4957
What are the prime factors of 17680018?
2, 109, 81101
What are the prime factors of 341149?
97, 3517
What are the prime factors of 488987?
337, 1451
List the prime factors of 8655322.
2, 13, 463, 719
What are the prime factors of 11922760?
2, 5, 127, 2347
List the prime factors of 19114594.
2, 61, 156677
What are the prime factors of 47550?
2, 3, 5, 317
List the prime factors of 9832276.
2, 29, 84761
What are the prime factors of 309598?
2, 154799
List the prime factors of 2240199.
3, 13, 41, 467
List the prime factors of 8672800.
2, 5, 37, 293
List the prime factors of 5166171.
3, 103, 5573
What are the prime factors of 346163?
41, 8443
List the prime factors of 4631425.
5, 61, 3037
What are the prime factors of 2120623?
23, 137, 673
What are the prime factors of 11385773?
7, 31, 71, 739
What are the prime factors of 228272?
2, 11, 1297
What are the prime factors of 11992412?
2, 17, 31, 5689
List the prime factors of 1606541.
1606541
List the prime factors of 9807966.
2, 3, 7, 31
List the prime factors of 10101101.
10101101
List the prime factors of 6255572.
2, 1563893
What are the prime factors of 259973?
7, 37139
What are the prime factors of 1975409?
1975409
What are the prime factors of 3334615?
5, 337, 1979
List the prime factors of 40538.
2, 20269
What are the prime factors of 6122473?
7, 874639
List the prime factors of 160879.
160879
What are the prime factors of 2219841?
3, 13, 18973
List the prime factors of 337749.
3, 112583
What are the prime factors of 22853735?
5, 4570747
What are the prime factors of 1371092?
2, 127, 2699
List the prime factors of 382930.
2, 5, 149, 257
What are the prime factors of 123528?
2, 3, 5147
What are the prime factors of 5241115?
5, 11, 8663
What are the prime factors of 15726837?
3, 7, 61, 12277
What are the prime factors of 352265?
5, 47, 1499
What are the prime factors of 138565?
5, 7, 37, 107
List the prime factors of 58788.
2, 3, 23, 71
List the prime factors of 14590712.
2, 29, 61, 1031
What are the prime factors of 1927068?
2, 3, 11, 13, 1123
List the prime factors of 6735165.
3, 5, 449011
What are the prime factors of 1235390?
2, 5, 13, 17, 43
List the prime factors of 96778.
2, 11, 53, 83
List the prime factors of 220864.
2, 7, 17, 29
What are the prime factors of 11858233?
59, 200987
What are the prime factors of 7368595?
5, 13, 113363
What are the prime factors of 13509307?
7, 73, 26437
What are the prime factors of 293544?
2, 3, 151
List the prime factors of 476017.
17, 28001
What are the prime factors of 4466705?
5, 893341
List the prime factors of 514033.
13, 39541
What are the prime factors of 132031?
19, 6949
List the prime factors of 295060.
2, 5, 14753
What are the prime factors of 394623?
3, 163, 269
What are the prime factors of 615982?
2, 47, 6553
What are the prime factors of 11268592?
2, 704287
List the prime factors of 4672483.
41, 113963
What are the prime factors of 17828506?
2, 8914253
What are the prime factors of 2709624?
2, 3, 112901
What are the prime factors of 779262?
2, 3, 11, 11807
What are the prime factors of 22669?
22669
List the prime factors of 74064.
2, 3, 1543
What are the prime factors of 568552?
2, 71069
List the prime factors of 149715.
3, 5, 1109
What are the prime factors of 7051978?
2, 37, 233, 409
What are the prime factors of 25839879?
3, 13, 23, 28807
List the prime factors of 249422.
2, 311, 401
List the prime factors of 3586911.
3, 131, 9127
List the prime factors of 22153506.
2, 3, 19, 29, 6701
List the prime factors of 10553114.
2, 11, 13, 36899
What are the prime factors of 44642614?
2, 367, 60821
List the prime factors of 330388.
2, 151, 547
What are the prime factors of 1934559?
3, 11, 19541
What are the prime factors of 2069417?
7, 157, 269
List the prime factors of 18433726.
2, 2777, 3319
What are the prime factors of 255107?
255107
List the prime factors of 467248.
2, 19, 29, 53
What are the prime factors of 742132?
2, 185533
What are the prime factors of 1386715?
5, 11, 19, 1327
List the prime factors of 3782989.
7, 277, 1951
What are the prime factors of 22216707?
3, 109, 7549
What are the prime factors of 2387539?
7, 11, 101, 307
What are the prime factors of 349288?
2, 43661
What are the prime factors of 766179?
3, 1051
What are the prime factors of 5575314?
2, 3, 653, 1423
List the prime factors of 5487571.
761, 7211
List the prime factors of 413060.
2, 5, 19, 1087
List the prime factors of 276131.
17, 37, 439
List the prime factors of 809029.
13, 62233
List the prime factors of 2533750.
2, 5, 2027
What are the prime factors of 19667242?
2, 7, 19, 107, 691
List the prime factors of 13828663.
883, 15661
List the prime factors of 813505.
5, 7, 11, 2113
List the prime factors of 164391.
3, 37, 1481
List the prime factors of 12863418.
2, 3, 19, 53, 